6814?
9
What is the thousands digit of 879805466?
5
What is the thousands digit of 2315148536?
8
What is the units digit of 976785299?
9
What is the tens digit of 84568864?
6
What is the hundred thousands digit of 19763927?
7
What is the thousands digit of 159371638?
1
What is the ten millions digit of 71144473?
7
What is the hundred thousands digit of 22763691?
7
What is the units digit of 214406531?
1
What is the billions digit of 1909673842?
1
What is the ten thousands digit of 481016322?
1
What is the ten millions digit of 190878230?
9
What is the ten millions digit of 434799426?
3
What is the units digit of 48387648?
8
What is the tens digit of 953894580?
8
What is the hundred millions digit of 108795598?
1
What is the hundred thousands digit of 3923549488?
5
What is the ten millions digit of 545409091?
4
What is the millions digit of 83935400?
3
What is the hundreds digit of 96922939?
9
What is the billions digit of 1998815261?
1
What is the units digit of 659612308?
8
What is the tens digit of 6521087?
8
What is the ten millions digit of 601953747?
0
What is the millions digit of 155373358?
5
What is the thousands digit of 3432750690?
0
What is the hundred thousands digit of 118850105?
8
What is the units digit of 78579328?
8
What is the ten thousands digit of 431779053?
7
What is the millions digit of 243113685?
3
What is the millions digit of 3698422315?
8
What is the billions digit of 6910453253?
6
What is the units digit of 8540708585?
5
What is the hundred millions digit of 2098456523?
0
What is the thousands digit of 4879185410?
5
What is the hundreds digit of 3117172387?
3
What is the thousands digit of 344141571?
1
What is the thousands digit of 49802735?
2
What is the tens digit of 551829386?
8
What is the hundred thousands digit of 197348566?
3
What is the hundreds digit of 3729596137?
1
What is the hundreds digit of 235063511?
5
What is the hundreds digit of 8327397?
3
What is the units digit of 1805126729?
9
What is the ten thousands digit of 1283942576?
4
What is the ten thousands digit of 13057412?
5
What is the hundreds digit of 2393486921?
9
What is the millions digit of 69200825?
9
What is the tens digit of 973790561?
6
What is the hundred millions digit of 1036183305?
0
What is the thousands digit of 299651495?
1
What is the hundred thousands digit of 973302692?
3
What is the hundred millions digit of 2873510287?
8
What is the thousands digit of 82036064?
6
What is the tens digit of 2825512193?
9
What is the ten thousands digit of 70114936?
1
What is the hundred millions digit of 2340795753?
3
What is the hundreds digit of 1482145167?
1
What is the thousands digit of 592032804?
2
What is the tens digit of 859353181?
8
What is the ten millions digit of 479164540?
7
What is the thousands digit of 26756098?
6
What is the hundreds digit of 399884217?
2
What is the hundreds digit of 606188318?
3
What is the tens digit of 44777900?
0
What is the tens digit of 1160653542?
4
What is the hundred thousands digit of 2384181?
3
What is the hundred thousands digit of 87477498?
4
What is the billions digit of 1076860113?
1
What is the hundred thousands digit of 990527046?
5
What is the millions digit of 29563394?
9
What is the units digit of 595045730?
0
What is the thousands digit of 44419239?
9
What is the millions digit of 13426532?
3
What is the ten millions digit of 22326753?
2
What is the hundred millions digit of 211755861?
2
What is the ten millions digit of 1223742794?
2
What is the thousands digit of 1821639041?
9
What is the hundred thousands digit of 1883034775?
0
What is the hundreds digit of 16869088?
0
What is the units digit of 74631408?
8
What is the hundred millions digit of 1822452290?
8
What is the millions digit of 2152643098?
2
What is the millions digit of 201377356?
1
What is the thousands digit of 55397210?
7
What is the ten millions digit of 848914126?
4
What is the hundred thousands digit of 4322388696?
3
What is the units digit of 100811851?
1
What is the ten millions digit of 176580385?
7
What is the ten millions digit of 2147302049?
4
What is the tens digit of 108538455?
5
What is the hundreds digit of 6436340?
3
What is the millions digit of 271286236?
1
What is the tens digit of 3067980017?
1
What is the hundred thousands digit of 6206707?
2
What is the ten millions digit of 10674640?
1
What is the tens digit of 86958285?
8
What is the ten millions digit of 207022562?
0
What is the units digit of 42271804?
4
What is the hundreds digit of 10625607?
6
What is the hundreds digit of 124785991?
9
What is the thousands digit of 1150033710?
3
What is the ten thousands digit of 762652099?
5
What is the thousands digit of 65289939?
9
What is the hundred thousands digit of 475528215?
5
What is the billions digit of 2523543084?
2
What is the ten millions digit of 227129506?
2
What is the tens digit of 85408802?
0
What is the thousands digit of 304330148?
0
What is the ten millions digit of 47779177?
4
What is the tens digit of 156153789?
8
What is the tens digit of 45225397?
9
What is the millions digit of 1476080706?
6
What is the ten thousands digit of 20043274?
4
What is the ten thousands digit of 353179957?
7
What is the hundred millions digit of 2567149818?
5
What is the hundred thousands digit of 195202127?
2
What is the ten thousands digit of 992477524?
7
What is the ten thousands digit of 425667849?
6
What is the millions digit of 2232659235?
2
What is the ten thousands digit of 12715927?
1
What is the thousands digit of 6398632495?
2
What is the thousands digit of 179181898?
1
What is the hundred thousands digit of 2779900905?
9
What is the hundred thousands digit of 7540587?
5
What is the thousands digit of 1436982268?
2
What is the ten millions digit of 216110522?
1
What is the ten thousands digit of 347140974?
4
What is the hundred millions digit of 3798770622?
7
What is the units digit of 40473992?
2
What is the hundred thousands digit of 32896693?
8
What is the units digit of 1970768237?
7
What is the hundreds digit of 1218614863?
8
What is the hundreds digit of 7597481423?
4
What is the millions digit of 4573648?
4
What is the tens digit of 65816102?
0
What is the billions digit of 4547073966?
4
What is the thousands digit of 5601992759?
2
What is the tens digit of 172158301?
0
What is the hundred thousands digit of 52330624?
3
What is the ten millions digit of 143007412?
4
What is the ten thousands digit of 293264270?
6
What is the millions digit of 256798003?
6
What is the ten thousands digit of 37930568?
3
What is the thousands digit of 35222889?
2
What is the ten millions digit of 45039455?
4
What is the millions digit of 62140014?
2
What is the tens digit of 481209711?
1
What is the hundred thousands digit of 2001937104?
9
What is the units digit of 1736231258?
8
What is the hundreds digit of 157848658?
6
What is the hundreds digit of 5368300046?
0
What is the thousands digit of 48225118?
5
What is the units digit of 798240343?
3
What is the thousands digit of 72431171?
1
What is the hundred millions digit of 563848580?
5
What is the hundreds digit of 1933448234?
2
What is the hundred millions digit of 257879028?
2
What is the ten thousands digit of 24234436?
3
What is the ten thousands digit of 2155714061?
1
What is the millions digit of 357420244?
7
What is the units digit of 2338310750?
0
What is the tens digit of 110959229?
2
What is the ten thousands digit of 112391707?
9
What is the millions digit of 460143473?
0
What is the tens digit of 38150420?
2
What is the hundred thousands digit of 791308284?
3
What is the hundreds digit of 1054902319?
3
What is the hundred millions digit of 686874055?
6
What is the hundred millions digit of 205957113?
2
What is the tens digit of 54212236?
3
What is the hundreds digit of 4431281978?
9
What is the ten millions digit of 172981771?
7
What is the ten millions digit of 25191066?
2
What is the billions digit of 3758618871?
3
What is the hundred millions digit of 1733569413?
7
What is the hundred thousands digit of 3811401226?
4
What is the hundred millions digit of 190300284?
1
What is the billions digit of 1004054424?
1
What is the ten millions digit of 63845430?
6
What is the hundred millions digit of 827862148?
8
What is the ten millions digit 